{"id":7,"date":"2018-11-27T09:17:42","date_gmt":"2018-11-27T09:17:42","guid":{"rendered":"https:\/\/platus.pt\/index.php\/projects\/"},"modified":"2023-06-21T23:56:29","modified_gmt":"2023-06-21T23:56:29","slug":"projects","status":"publish","type":"page","link":"https:\/\/platus.pt\/index.php\/projects\/","title":{"rendered":"Projectos"},"content":{"rendered":"\t\t<div data-elementor-type=\"wp-post\" data-elementor-id=\"7\" class=\"elementor elementor-7\">\n\t\t\t\t\t\t\t\t\t<section class=\"elementor-section elementor-top-section elementor-element elementor-element-7ac9ca5 elementor-section-boxed elementor-section-height-default elementor-section-height-default\" data-id=\"7ac9ca5\" data-element_type=\"section\" data-settings=\"{&quot;background_background&quot;:&quot;classic&quot;}\">\n\t\t\t\t\t\t\t<div class=\"elementor-background-overlay\"><\/div>\n\t\t\t\t\t\t\t<div class=\"elementor-container elementor-column-gap-default\">\n\t\t\t\t\t<div class=\"elementor-column elementor-col-100 elementor-top-column elementor-element elementor-element-90988fe\" data-id=\"90988fe\" data-element_type=\"column\">\n\t\t\t<div class=\"elementor-widget-wrap elementor-element-populated\">\n\t\t\t\t\t\t\t\t<div class=\"elementor-element elementor-element-4a1c612 elementor-widget elementor-widget-heading\" data-id=\"4a1c612\" data-element_type=\"widget\" data-widget_type=\"heading.default\">\n\t\t\t\t<div class=\"elementor-widget-container\">\n\t\t\t<style>\/*! elementor - v3.10.2 - 29-01-2023 *\/\n.elementor-heading-title{padding:0;margin:0;line-height:1}.elementor-widget-heading .elementor-heading-title[class*=elementor-size-]>a{color:inherit;font-size:inherit;line-height:inherit}.elementor-widget-heading .elementor-heading-title.elementor-size-small{font-size:15px}.elementor-widget-heading .elementor-heading-title.elementor-size-medium{font-size:19px}.elementor-widget-heading .elementor-heading-title.elementor-size-large{font-size:29px}.elementor-widget-heading .elementor-heading-title.elementor-size-xl{font-size:39px}.elementor-widget-heading .elementor-heading-title.elementor-size-xxl{font-size:59px}<\/style><h1 class=\"elementor-heading-title elementor-size-default\">Projectos<\/h1>\t\t<\/div>\n\t\t\t\t<\/div>\n\t\t\t\t\t<\/div>\n\t\t<\/div>\n\t\t\t\t\t\t\t<\/div>\n\t\t<\/section>\n\t\t\t\t<section class=\"elementor-section elementor-top-section elementor-element elementor-element-8262e30 elementor-section-content-middle elementor-section-full_width elementor-section-height-default elementor-section-height-default\" data-id=\"8262e30\" data-element_type=\"section\">\n\t\t\t\t\t\t\t<div class=\"elementor-background-overlay\"><\/div>\n\t\t\t\t\t\t\t<div class=\"elementor-container elementor-column-gap-default\">\n\t\t\t\t\t<div class=\"elementor-column elementor-col-100 elementor-top-column elementor-element elementor-element-da6ae65\" data-id=\"da6ae65\" data-element_type=\"column\">\n\t\t\t<div class=\"elementor-widget-wrap elementor-element-populated\">\n\t\t\t\t\t\t\t\t<div class=\"elementor-element elementor-element-b0fabca elementor-position-top elementor-vertical-align-top elementor-widget elementor-widget-image-box\" data-id=\"b0fabca\" data-element_type=\"widget\" data-widget_type=\"image-box.default\">\n\t\t\t\t<div class=\"elementor-widget-container\">\n\t\t\t<style>\/*! elementor - v3.10.2 - 29-01-2023 *\/\n.elementor-widget-image-box .elementor-image-box-content{width:100%}@media (min-width:768px){.elementor-widget-image-box.elementor-position-left .elementor-image-box-wrapper,.elementor-widget-image-box.elementor-position-right .elementor-image-box-wrapper{display:flex}.elementor-widget-image-box.elementor-position-right .elementor-image-box-wrapper{text-align:right;flex-direction:row-reverse}.elementor-widget-image-box.elementor-position-left .elementor-image-box-wrapper{text-align:left;flex-direction:row}.elementor-widget-image-box.elementor-position-top .elementor-image-box-img{margin:auto}.elementor-widget-image-box.elementor-vertical-align-top .elementor-image-box-wrapper{align-items:flex-start}.elementor-widget-image-box.elementor-vertical-align-middle .elementor-image-box-wrapper{align-items:center}.elementor-widget-image-box.elementor-vertical-align-bottom .elementor-image-box-wrapper{align-items:flex-end}}@media (max-width:767px){.elementor-widget-image-box .elementor-image-box-img{margin-left:auto!important;margin-right:auto!important;margin-bottom:15px}}.elementor-widget-image-box .elementor-image-box-img{display:inline-block}.elementor-widget-image-box .elementor-image-box-title a{color:inherit}.elementor-widget-image-box .elementor-image-box-wrapper{text-align:center}.elementor-widget-image-box .elementor-image-box-description{margin:0}<\/style><div class=\"elementor-image-box-wrapper\"><div class=\"elementor-image-box-content\"><h2 class=\"elementor-image-box-title\">Habita\u00e7\u00e3o Unifamiliar<\/h2><p class=\"elementor-image-box-description\">Elabora\u00e7\u00e3o de projetos de habita\u00e7\u00e3o unifamiliar<\/p><\/div><\/div>\t\t<\/div>\n\t\t\t\t<\/div>\n\t\t\t\t<div class=\"elementor-element elementor-element-6fecb3a elementor-arrows-position-outside elementor-pagination-position-outside elementor-widget elementor-widget-image-carousel\" data-id=\"6fecb3a\" data-element_type=\"widget\" data-settings=\"{&quot;slides_to_show&quot;:&quot;3&quot;,&quot;slides_to_scroll&quot;:&quot;1&quot;,&quot;slides_to_show_tablet&quot;:&quot;2&quot;,&quot;slides_to_show_mobile&quot;:&quot;1&quot;,&quot;autoplay&quot;:&quot;no&quot;,&quot;navigation&quot;:&quot;both&quot;,&quot;infinite&quot;:&quot;yes&quot;,&quot;speed&quot;:500,&quot;image_spacing_custom&quot;:{&quot;unit&quot;:&quot;px&quot;,&quot;size&quot;:20,&quot;sizes&quot;:[]}}\" data-widget_type=\"image-carousel.default\">\n\t\t\t\t<div class=\"elementor-widget-container\">\n\t\t\t<style>\/*! elementor - v3.10.2 - 29-01-2023 *\/\n.elementor-widget-image-carousel .swiper-container{position:static}.elementor-widget-image-carousel .swiper-container .swiper-slide figure{line-height:inherit}.elementor-widget-image-carousel .swiper-slide{text-align:center}.elementor-image-carousel-wrapper:not(.swiper-container-initialized) .swiper-slide{max-width:calc(100% \/ var(--e-image-carousel-slides-to-show, 3))}<\/style>\t\t<div class=\"elementor-image-carousel-wrapper swiper-container\" dir=\"ltr\">\n\t\t\t<div class=\"elementor-image-carousel swiper-wrapper swiper-image-stretch\">\n\t\t\t\t\t\t\t\t<div class=\"swiper-slide\"><a data-elementor-open-lightbox=\"yes\" data-elementor-lightbox-slideshow=\"6fecb3a\" data-elementor-lightbox-title=\"Moradia Albogas - Exterior 1\" e-action-hash=\"#elementor-action%3Aaction%3Dlightbox%26settings%3DeyJpZCI6MTYzMCwidXJsIjoiaHR0cHM6XC9cL3BsYXR1cy5wdFwvd3AtY29udGVudFwvdXBsb2Fkc1wvMjAyM1wvMDVcL0FsYm9nYXMtMDEtRVhUX2VzY2FsYWRhLmpwZyIsInNsaWRlc2hvdyI6IjZmZWNiM2EifQ%3D%3D\" href=\"https:\/\/platus.pt\/wp-content\/uploads\/2023\/05\/Albogas-01-EXT_escalada.jpg\"><figure class=\"swiper-slide-inner\"><img decoding=\"async\" class=\"swiper-slide-image\" src=\"https:\/\/platus.pt\/wp-content\/uploads\/elementor\/thumbs\/Albogas-01-EXT_escalada-q74ks01rqxxvjdji2kgfihtjilkg4m3mxc6t4r6gm8.jpg\" alt=\"Moradia Albogas - Exterior 1\" \/><\/figure><\/a><\/div><div class=\"swiper-slide\"><a data-elementor-open-lightbox=\"yes\" data-elementor-lightbox-slideshow=\"6fecb3a\" data-elementor-lightbox-title=\"Moradia Albogas - Interior 1\" e-action-hash=\"#elementor-action%3Aaction%3Dlightbox%26settings%3DeyJpZCI6MTYzMSwidXJsIjoiaHR0cHM6XC9cL3BsYXR1cy5wdFwvd3AtY29udGVudFwvdXBsb2Fkc1wvMjAyM1wvMDVcL0FsYm9nYXMtMDEtSU5ULnBuZyIsInNsaWRlc2hvdyI6IjZmZWNiM2EifQ%3D%3D\" href=\"https:\/\/platus.pt\/wp-content\/uploads\/2023\/05\/Albogas-01-INT.png\"><figure class=\"swiper-slide-inner\"><img decoding=\"async\" class=\"swiper-slide-image\" src=\"https:\/\/platus.pt\/wp-content\/uploads\/elementor\/thumbs\/Albogas-01-INT-q74ks0zlxrz5uzi4x2v22zl03zftcb7d9guam152g0.png\" alt=\"Moradia Albogas - Interior 1\" \/><\/figure><\/a><\/div><div class=\"swiper-slide\"><a data-elementor-open-lightbox=\"yes\" data-elementor-lightbox-slideshow=\"6fecb3a\" data-elementor-lightbox-title=\"Moradia Albogas - Interior 2\" e-action-hash=\"#elementor-action%3Aaction%3Dlightbox%26settings%3DeyJpZCI6MTYzMiwidXJsIjoiaHR0cHM6XC9cL3BsYXR1cy5wdFwvd3AtY29udGVudFwvdXBsb2Fkc1wvMjAyM1wvMDVcL0FsYm9nYXMtMDItSU5ULnBuZyIsInNsaWRlc2hvdyI6IjZmZWNiM2EifQ%3D%3D\" href=\"https:\/\/platus.pt\/wp-content\/uploads\/2023\/05\/Albogas-02-INT.png\"><figure class=\"swiper-slide-inner\"><img decoding=\"async\" class=\"swiper-slide-image\" src=\"https:\/\/platus.pt\/wp-content\/uploads\/elementor\/thumbs\/Albogas-02-INT-q74ks5osvy5lh1bb5mw6xgeb2wsnesq0y43q0ey3kw.png\" alt=\"Moradia Albogas - Interior 2\" \/><\/figure><\/a><\/div><div class=\"swiper-slide\"><a data-elementor-open-lightbox=\"yes\" data-elementor-lightbox-slideshow=\"6fecb3a\" data-elementor-lightbox-title=\"Moradia Assafora - Exterior 1\" e-action-hash=\"#elementor-action%3Aaction%3Dlightbox%26settings%3DeyJpZCI6MTYzNCwidXJsIjoiaHR0cHM6XC9cL3BsYXR1cy5wdFwvd3AtY29udGVudFwvdXBsb2Fkc1wvMjAyM1wvMDVcL0Fzc2Fmb3JhLTAxX3Bpc2NpbmEtc2NhbGVkLTEuanBlZyIsInNsaWRlc2hvdyI6IjZmZWNiM2EifQ%3D%3D\" href=\"https:\/\/platus.pt\/wp-content\/uploads\/2023\/05\/Assafora-01_piscina-scaled-1.jpeg\"><figure class=\"swiper-slide-inner\"><img decoding=\"async\" class=\"swiper-slide-image\" src=\"https:\/\/platus.pt\/wp-content\/uploads\/elementor\/thumbs\/Assafora-01_piscina-scaled-1-q74ksbbu0ydbep348pbycez2n80uozceyw0mw2pqjk.jpeg\" alt=\"Moradia Assafora - Exterior 1\" \/><\/figure><\/a><\/div><div class=\"swiper-slide\"><a data-elementor-open-lightbox=\"yes\" data-elementor-lightbox-slideshow=\"6fecb3a\" data-elementor-lightbox-title=\"Moradia Assafora - Exterior 2\" e-action-hash=\"#elementor-action%3Aaction%3Dlightbox%26settings%3DeyJpZCI6MTYzNSwidXJsIjoiaHR0cHM6XC9cL3BsYXR1cy5wdFwvd3AtY29udGVudFwvdXBsb2Fkc1wvMjAyM1wvMDVcL0Fzc2Fmb3JhLTAyX3Zpc3RhLXRlcnJhY29fZl9lc2NhbGFkYS1zY2FsZWQtMS5qcGciLCJzbGlkZXNob3ciOiI2ZmVjYjNhIn0%3D\" href=\"https:\/\/platus.pt\/wp-content\/uploads\/2023\/05\/Assafora-02_vista-terraco_f_escalada-scaled-1.jpg\"><figure class=\"swiper-slide-inner\"><img decoding=\"async\" class=\"swiper-slide-image\" src=\"https:\/\/platus.pt\/wp-content\/uploads\/elementor\/thumbs\/Assafora-02_vista-terraco_f_escalada-scaled-1-q74ksc9o7selqb1r37qkwwqj8lw7wog5b0o4dcocdc.jpg\" alt=\"Moradia Assafora - Exterior 2\" \/><\/figure><\/a><\/div><div class=\"swiper-slide\"><a data-elementor-open-lightbox=\"yes\" data-elementor-lightbox-slideshow=\"6fecb3a\" data-elementor-lightbox-title=\"Moradia Raposeiras - Interior 1\" e-action-hash=\"#elementor-action%3Aaction%3Dlightbox%26settings%3DeyJpZCI6MTYzNiwidXJsIjoiaHR0cHM6XC9cL3BsYXR1cy5wdFwvd3AtY29udGVudFwvdXBsb2Fkc1wvMjAyM1wvMDVcL1JhcG9zZWlyYXMtVmlzdGEtQ296aW5oYS1wYXJhLXBhdGlvLmpwZyIsInNsaWRlc2hvdyI6IjZmZWNiM2EifQ%3D%3D\" href=\"https:\/\/platus.pt\/wp-content\/uploads\/2023\/05\/Raposeiras-Vista-Cozinha-para-patio.jpg\"><figure class=\"swiper-slide-inner\"><img decoding=\"async\" class=\"swiper-slide-image\" src=\"https:\/\/platus.pt\/wp-content\/uploads\/elementor\/thumbs\/Raposeiras-Vista-Cozinha-para-patio-q74ksd7iemfw1x0dxq57hehztzrl4djvn5blummy74.jpg\" alt=\"Moradia Raposeiras - Interior 1\" \/><\/figure><\/a><\/div><div class=\"swiper-slide\"><a data-elementor-open-lightbox=\"yes\" data-elementor-lightbox-slideshow=\"6fecb3a\" data-elementor-lightbox-title=\"Moradia Raposeiras - Interior 2\" e-action-hash=\"#elementor-action%3Aaction%3Dlightbox%26settings%3DeyJpZCI6MTYzNywidXJsIjoiaHR0cHM6XC9cL3BsYXR1cy5wdFwvd3AtY29udGVudFwvdXBsb2Fkc1wvMjAyM1wvMDVcL1JhcG9zZWlyYXMtVmlzdGEtQ296aW5oYS1wYXJhLXBhdGlvMi5qcGciLCJzbGlkZXNob3ciOiI2ZmVjYjNhIn0%3D\" href=\"https:\/\/platus.pt\/wp-content\/uploads\/2023\/05\/Raposeiras-Vista-Cozinha-para-patio2.jpg\"><figure class=\"swiper-slide-inner\"><img decoding=\"async\" class=\"swiper-slide-image\" src=\"https:\/\/platus.pt\/wp-content\/uploads\/elementor\/thumbs\/Raposeiras-Vista-Cozinha-para-patio2-q74kse5clgh6diz0s8ju1w9gfdmyc2nlz9z3bwlk0w.jpg\" alt=\"Moradia Raposeiras - Interior 2\" \/><\/figure><\/a><\/div><div class=\"swiper-slide\"><a data-elementor-open-lightbox=\"yes\" data-elementor-lightbox-slideshow=\"6fecb3a\" data-elementor-lightbox-title=\"Moradia Raposeiras - Interior 3\" e-action-hash=\"#elementor-action%3Aaction%3Dlightbox%26settings%3DeyJpZCI6MTYzOCwidXJsIjoiaHR0cHM6XC9cL3BsYXR1cy5wdFwvd3AtY29udGVudFwvdXBsb2Fkc1wvMjAyM1wvMDVcL1JhcG9zZWlyYXMtVmlzdGEtUG9ydGEtRW50cmFkYS5qcGciLCJzbGlkZXNob3ciOiI2ZmVjYjNhIn0%3D\" href=\"https:\/\/platus.pt\/wp-content\/uploads\/2023\/05\/Raposeiras-Vista-Porta-Entrada.jpg\"><figure class=\"swiper-slide-inner\"><img decoding=\"async\" class=\"swiper-slide-image\" src=\"https:\/\/platus.pt\/wp-content\/uploads\/elementor\/thumbs\/Raposeiras-Vista-Porta-Entrada-q74ksf36saigp4xnmqygme0x0ribjrrcbemkt6k5uo.jpg\" alt=\"Moradia Raposeiras - Interior 3\" \/><\/figure><\/a><\/div><div class=\"swiper-slide\"><a data-elementor-open-lightbox=\"yes\" data-elementor-lightbox-slideshow=\"6fecb3a\" data-elementor-lightbox-title=\"Moradia Raposeiras - Interior 4\" e-action-hash=\"#elementor-action%3Aaction%3Dlightbox%26settings%3DeyJpZCI6MTYzOSwidXJsIjoiaHR0cHM6XC9cL3BsYXR1cy5wdFwvd3AtY29udGVudFwvdXBsb2Fkc1wvMjAyM1wvMDVcL1JhcG9zZWlyYXMtVmlzdGEtU2FsYTMuZWZmZWN0c1Jlc3VsdC5qcGciLCJzbGlkZXNob3ciOiI2ZmVjYjNhIn0%3D\" href=\"https:\/\/platus.pt\/wp-content\/uploads\/2023\/05\/Raposeiras-Vista-Sala3.effectsResult.jpg\"><figure class=\"swiper-slide-inner\"><img decoding=\"async\" class=\"swiper-slide-image\" src=\"https:\/\/platus.pt\/wp-content\/uploads\/elementor\/thumbs\/Raposeiras-Vista-Sala3.effectsResult-q74ksg10z4jr0qwah9d36vsdm5dorgv2nja2agirog.jpg\" alt=\"Moradia Raposeiras - Interior 4\" \/><\/figure><\/a><\/div>\t\t\t<\/div>\n\t\t\t\t\t\t\t\t\t\t\t\t<div class=\"swiper-pagination\"><\/div>\n\t\t\t\t\t\t\t\t\t\t\t\t\t<div class=\"elementor-swiper-button elementor-swiper-button-prev\">\n\t\t\t\t\t\t<i aria-hidden=\"true\" class=\"eicon-chevron-left\"><\/i>\t\t\t\t\t\t<span class=\"elementor-screen-only\">Previous<\/span>\n\t\t\t\t\t<\/div>\n\t\t\t\t\t<div class=\"elementor-swiper-button elementor-swiper-button-next\">\n\t\t\t\t\t\t<i aria-hidden=\"true\" class=\"eicon-chevron-right\"><\/i>\t\t\t\t\t\t<span class=\"elementor-screen-only\">Next<\/span>\n\t\t\t\t\t<\/div>\n\t\t\t\t\t\t\t\t\t<\/div>\n\t\t\t\t<\/div>\n\t\t\t\t<\/div>\n\t\t\t\t\t<\/div>\n\t\t<\/div>\n\t\t\t\t\t\t\t<\/div>\n\t\t<\/section>\n\t\t\t\t<section class=\"elementor-section elementor-top-section elementor-element elementor-element-981c27d elementor-section-content-middle elementor-section-full_width elementor-section-height-default elementor-section-height-default\" data-id=\"981c27d\" data-element_type=\"section\" data-settings=\"{&quot;background_background&quot;:&quot;classic&quot;}\">\n\t\t\t\t\t\t\t<div class=\"elementor-background-overlay\"><\/div>\n\t\t\t\t\t\t\t<div class=\"elementor-container elementor-column-gap-default\">\n\t\t\t\t\t<div class=\"elementor-column elementor-col-100 elementor-top-column elementor-element elementor-element-1831b66\" data-id=\"1831b66\" data-element_type=\"column\">\n\t\t\t<div class=\"elementor-widget-wrap elementor-element-populated\">\n\t\t\t\t\t\t\t\t<div class=\"elementor-element elementor-element-e50b5bd elementor-position-top elementor-vertical-align-top elementor-widget elementor-widget-image-box\" data-id=\"e50b5bd\" data-element_type=\"widget\" data-widget_type=\"image-box.default\">\n\t\t\t\t<div class=\"elementor-widget-container\">\n\t\t\t<div class=\"elementor-image-box-wrapper\"><div class=\"elementor-image-box-content\"><h2 class=\"elementor-image-box-title\">Habita\u00e7\u00e3o Multifamiliar<\/h2><p class=\"elementor-image-box-description\">Elabora\u00e7\u00e3o de projetos de habita\u00e7\u00e3o multifamiliar<\/p><\/div><\/div>\t\t<\/div>\n\t\t\t\t<\/div>\n\t\t\t\t<div class=\"elementor-element elementor-element-f44f54a elementor-arrows-position-outside elementor-pagination-position-outside elementor-widget elementor-widget-image-carousel\" data-id=\"f44f54a\" data-element_type=\"widget\" data-settings=\"{&quot;slides_to_show&quot;:&quot;3&quot;,&quot;slides_to_scroll&quot;:&quot;1&quot;,&quot;slides_to_show_tablet&quot;:&quot;2&quot;,&quot;slides_to_show_mobile&quot;:&quot;1&quot;,&quot;autoplay&quot;:&quot;no&quot;,&quot;navigation&quot;:&quot;both&quot;,&quot;infinite&quot;:&quot;yes&quot;,&quot;speed&quot;:500,&quot;image_spacing_custom&quot;:{&quot;unit&quot;:&quot;px&quot;,&quot;size&quot;:20,&quot;sizes&quot;:[]}}\" data-widget_type=\"image-carousel.default\">\n\t\t\t\t<div class=\"elementor-widget-container\">\n\t\t\t\t\t<div class=\"elementor-image-carousel-wrapper swiper-container\" dir=\"ltr\">\n\t\t\t<div class=\"elementor-image-carousel swiper-wrapper swiper-image-stretch\">\n\t\t\t\t\t\t\t\t<div class=\"swiper-slide\"><a data-elementor-open-lightbox=\"yes\" data-elementor-lightbox-slideshow=\"f44f54a\" data-elementor-lightbox-title=\"Multifamiliar 1\" e-action-hash=\"#elementor-action%3Aaction%3Dlightbox%26settings%3DeyJpZCI6MTY0MCwidXJsIjoiaHR0cHM6XC9cL3BsYXR1cy5wdFwvd3AtY29udGVudFwvdXBsb2Fkc1wvMjAyM1wvMDVcLzAxX0ZJTkFMX0NPTS1TQ0FMRS5qcGVnIiwic2xpZGVzaG93IjoiZjQ0ZjU0YSJ9\" href=\"https:\/\/platus.pt\/wp-content\/uploads\/2023\/05\/01_FINAL_COM-SCALE.jpeg\"><figure class=\"swiper-slide-inner\"><img decoding=\"async\" class=\"swiper-slide-image\" src=\"https:\/\/platus.pt\/wp-content\/uploads\/elementor\/thumbs\/01_FINAL_COM-SCALE-q74ksgyv5yl1ccuxbrrprdju7j91z5ysznxjrqhdi8.jpeg\" alt=\"Multifamiliar 1\" \/><\/figure><\/a><\/div><div class=\"swiper-slide\"><a data-elementor-open-lightbox=\"yes\" data-elementor-lightbox-slideshow=\"f44f54a\" data-elementor-lightbox-title=\"Multifamiliar 2\" e-action-hash=\"#elementor-action%3Aaction%3Dlightbox%26settings%3DeyJpZCI6MTY0MSwidXJsIjoiaHR0cHM6XC9cL3BsYXR1cy5wdFwvd3AtY29udGVudFwvdXBsb2Fkc1wvMjAyM1wvMDVcL01hZ29pdG8tcmVuZGVyLW1hZ29pdG8tMS5qcGciLCJzbGlkZXNob3ciOiJmNDRmNTRhIn0%3D\" href=\"https:\/\/platus.pt\/wp-content\/uploads\/2023\/05\/Magoito-render-magoito-1.jpg\"><figure class=\"swiper-slide-inner\"><img decoding=\"async\" class=\"swiper-slide-image\" src=\"https:\/\/platus.pt\/wp-content\/uploads\/elementor\/thumbs\/Magoito-render-magoito-1-q74ksiujjmnlzks70skywd2reazsek69nx8iqael5s.jpg\" alt=\"Multifamiliar 2\" \/><\/figure><\/a><\/div><div class=\"swiper-slide\"><a data-elementor-open-lightbox=\"yes\" data-elementor-lightbox-slideshow=\"f44f54a\" data-elementor-lightbox-title=\"Multifamiliar 3\" e-action-hash=\"#elementor-action%3Aaction%3Dlightbox%26settings%3DeyJpZCI6MTY0MiwidXJsIjoiaHR0cHM6XC9cL3BsYXR1cy5wdFwvd3AtY29udGVudFwvdXBsb2Fkc1wvMjAyM1wvMDVcL1IwMl9lc2NhbGFkYS5qcGciLCJzbGlkZXNob3ciOiJmNDRmNTRhIn0%3D\" href=\"https:\/\/platus.pt\/wp-content\/uploads\/2023\/05\/R02_escalada.jpg\"><figure class=\"swiper-slide-inner\"><img decoding=\"async\" class=\"swiper-slide-image\" src=\"https:\/\/platus.pt\/wp-content\/uploads\/elementor\/thumbs\/R02_escalada-q74ksiujjmnlzks70skywd2reazsek69nx8iqael5s.jpg\" alt=\"Multifamiliar 3\" \/><\/figure><\/a><\/div>\t\t\t<\/div>\n\t\t\t\t\t\t\t\t\t\t\t\t<div class=\"swiper-pagination\"><\/div>\n\t\t\t\t\t\t\t\t\t\t\t\t\t<div class=\"elementor-swiper-button elementor-swiper-button-prev\">\n\t\t\t\t\t\t<i aria-hidden=\"true\" class=\"eicon-chevron-left\"><\/i>\t\t\t\t\t\t<span class=\"elementor-screen-only\">Previous<\/span>\n\t\t\t\t\t<\/div>\n\t\t\t\t\t<div class=\"elementor-swiper-button elementor-swiper-button-next\">\n\t\t\t\t\t\t<i aria-hidden=\"true\" class=\"eicon-chevron-right\"><\/i>\t\t\t\t\t\t<span class=\"elementor-screen-only\">Next<\/span>\n\t\t\t\t\t<\/div>\n\t\t\t\t\t\t\t\t\t<\/div>\n\t\t\t\t<\/div>\n\t\t\t\t<\/div>\n\t\t\t\t\t<\/div>\n\t\t<\/div>\n\t\t\t\t\t\t\t<\/div>\n\t\t<\/section>\n\t\t\t\t<section class=\"elementor-section elementor-top-section elementor-element elementor-element-87bd9b1 elementor-section-content-middle elementor-section-full_width elementor-section-height-default elementor-section-height-default\" data-id=\"87bd9b1\" data-element_type=\"section\">\n\t\t\t\t\t\t\t<div class=\"elementor-background-overlay\"><\/div>\n\t\t\t\t\t\t\t<div class=\"elementor-container elementor-column-gap-default\">\n\t\t\t\t\t<div class=\"elementor-column elementor-col-100 elementor-top-column elementor-element elementor-element-59d9374\" data-id=\"59d9374\" data-element_type=\"column\">\n\t\t\t<div class=\"elementor-widget-wrap elementor-element-populated\">\n\t\t\t\t\t\t\t\t<div class=\"elementor-element elementor-element-5c4ab15 elementor-position-top elementor-vertical-align-top elementor-widget elementor-widget-image-box\" data-id=\"5c4ab15\" data-element_type=\"widget\" data-widget_type=\"image-box.default\">\n\t\t\t\t<div class=\"elementor-widget-container\">\n\t\t\t<div class=\"elementor-image-box-wrapper\"><div class=\"elementor-image-box-content\"><h2 class=\"elementor-image-box-title\">Ind\u00fastria, Com\u00e9rcio e Servi\u00e7os<\/h2><p class=\"elementor-image-box-description\">Elabora\u00e7\u00e3o de projetos de estabelecimentos industriais e comerciais<\/p><\/div><\/div>\t\t<\/div>\n\t\t\t\t<\/div>\n\t\t\t\t<div class=\"elementor-element elementor-element-98fce67 elementor-arrows-position-outside elementor-pagination-position-outside elementor-widget elementor-widget-image-carousel\" data-id=\"98fce67\" data-element_type=\"widget\" data-settings=\"{&quot;slides_to_show&quot;:&quot;3&quot;,&quot;slides_to_scroll&quot;:&quot;1&quot;,&quot;slides_to_show_tablet&quot;:&quot;2&quot;,&quot;slides_to_show_mobile&quot;:&quot;1&quot;,&quot;autoplay&quot;:&quot;no&quot;,&quot;navigation&quot;:&quot;both&quot;,&quot;infinite&quot;:&quot;yes&quot;,&quot;speed&quot;:500,&quot;image_spacing_custom&quot;:{&quot;unit&quot;:&quot;px&quot;,&quot;size&quot;:20,&quot;sizes&quot;:[]}}\" data-widget_type=\"image-carousel.default\">\n\t\t\t\t<div class=\"elementor-widget-container\">\n\t\t\t\t\t<div class=\"elementor-image-carousel-wrapper swiper-container\" dir=\"ltr\">\n\t\t\t<div class=\"elementor-image-carousel swiper-wrapper swiper-image-stretch\">\n\t\t\t\t\t\t\t\t<div class=\"swiper-slide\"><a data-elementor-open-lightbox=\"yes\" data-elementor-lightbox-slideshow=\"98fce67\" data-elementor-lightbox-title=\"Servi\u00e7os 1\" e-action-hash=\"#elementor-action%3Aaction%3Dlightbox%26settings%3DeyJpZCI6MTY0NSwidXJsIjoiaHR0cHM6XC9cL3BsYXR1cy5wdFwvd3AtY29udGVudFwvdXBsb2Fkc1wvMjAyM1wvMDVcL2ZvdG9tb250YWdlbS1hZ29zdG8tMjAxMi1mcmVudGVfZXNjYWxhZGEtc2NhbGVkLTEuanBlZyIsInNsaWRlc2hvdyI6Ijk4ZmNlNjcifQ%3D%3D\" href=\"https:\/\/platus.pt\/wp-content\/uploads\/2023\/05\/fotomontagem-agosto-2012-frente_escalada-scaled-1.jpeg\"><figure class=\"swiper-slide-inner\"><img decoding=\"async\" class=\"swiper-slide-image\" src=\"https:\/\/platus.pt\/wp-content\/uploads\/elementor\/thumbs\/fotomontagem-agosto-2012-frente_escalada-scaled-1-q74kslo244rgyeo3kbsulud56glw1nhgob6z64aen4.jpeg\" alt=\"Servi\u00e7os 1\" \/><\/figure><\/a><\/div><div class=\"swiper-slide\"><a data-elementor-open-lightbox=\"yes\" data-elementor-lightbox-slideshow=\"98fce67\" data-elementor-lightbox-title=\"Servi\u00e7os 2\" e-action-hash=\"#elementor-action%3Aaction%3Dlightbox%26settings%3DeyJpZCI6MTY0MywidXJsIjoiaHR0cHM6XC9cL3BsYXR1cy5wdFwvd3AtY29udGVudFwvdXBsb2Fkc1wvMjAyM1wvMDVcLzAyX0ZJTkFMLmpwZyIsInNsaWRlc2hvdyI6Ijk4ZmNlNjcifQ%3D%3D\" href=\"https:\/\/platus.pt\/wp-content\/uploads\/2023\/05\/02_FINAL.jpg\"><figure class=\"swiper-slide-inner\"><img decoding=\"async\" class=\"swiper-slide-image\" src=\"https:\/\/platus.pt\/wp-content\/uploads\/elementor\/thumbs\/02_FINAL-q74kskq7xaq6mspgpte81clol2qitydqc6jhoubstc.jpg\" alt=\"Servi\u00e7os 2\" \/><\/figure><\/a><\/div><div class=\"swiper-slide\"><a data-elementor-open-lightbox=\"yes\" data-elementor-lightbox-slideshow=\"98fce67\" data-elementor-lightbox-title=\"Servi\u00e7os 3\" e-action-hash=\"#elementor-action%3Aaction%3Dlightbox%26settings%3DeyJpZCI6MTY0NCwidXJsIjoiaHR0cHM6XC9cL3BsYXR1cy5wdFwvd3AtY29udGVudFwvdXBsb2Fkc1wvMjAyM1wvMDVcLzAzX0ZJTkFMLmpwZyIsInNsaWRlc2hvdyI6Ijk4ZmNlNjcifQ%3D%3D\" href=\"https:\/\/platus.pt\/wp-content\/uploads\/2023\/05\/03_FINAL.jpg\"><figure class=\"swiper-slide-inner\"><img decoding=\"async\" class=\"swiper-slide-image\" src=\"https:\/\/platus.pt\/wp-content\/uploads\/elementor\/thumbs\/03_FINAL-q74kskq7xaq6mspgpte81clol2qitydqc6jhoubstc.jpg\" alt=\"Servi\u00e7os 3\" \/><\/figure><\/a><\/div>\t\t\t<\/div>\n\t\t\t\t\t\t\t\t\t\t\t\t<div class=\"swiper-pagination\"><\/div>\n\t\t\t\t\t\t\t\t\t\t\t\t\t<div class=\"elementor-swiper-button elementor-swiper-button-prev\">\n\t\t\t\t\t\t<i aria-hidden=\"true\" class=\"eicon-chevron-left\"><\/i>\t\t\t\t\t\t<span class=\"elementor-screen-only\">Previous<\/span>\n\t\t\t\t\t<\/div>\n\t\t\t\t\t<div class=\"elementor-swiper-button elementor-swiper-button-next\">\n\t\t\t\t\t\t<i aria-hidden=\"true\" class=\"eicon-chevron-right\"><\/i>\t\t\t\t\t\t<span class=\"elementor-screen-only\">Next<\/span>\n\t\t\t\t\t<\/div>\n\t\t\t\t\t\t\t\t\t<\/div>\n\t\t\t\t<\/div>\n\t\t\t\t<\/div>\n\t\t\t\t\t<\/div>\n\t\t<\/div>\n\t\t\t\t\t\t\t<\/div>\n\t\t<\/section>\n\t\t\t\t\t\t\t<\/div>\n\t\t","protected":false},"excerpt":{"rendered":"<p>Projectos Habita\u00e7\u00e3o Unifamiliar Elabora\u00e7\u00e3o de projetos de habita\u00e7\u00e3o unifamiliar Previous Next Habita\u00e7\u00e3o Multifamiliar Elabora\u00e7\u00e3o de projetos de habita\u00e7\u00e3o multifamiliar Previous Next Ind\u00fastria, Com\u00e9rcio e Servi\u00e7os Elabora\u00e7\u00e3o de projetos de estabelecimentos industriais e comerciais Previous Next<\/p>\n","protected":false},"author":1,"featured_media":0,"parent":0,"menu_order":0,"comment_status":"closed","ping_status":"closed","template":"","meta":{"site-sidebar-layout":"no-sidebar","site-content-layout":"page-builder","ast-global-header-display":"","ast-main-header-display":"","ast-hfb-above-header-display":"","ast-hfb-below-header-display":"","ast-hfb-mobile-header-display":"","site-post-title":"disabled","ast-breadcrumbs-content":"","ast-featured-img":"disabled","footer-sml-layout":"","theme-transparent-header-meta":"enabled","adv-header-id-meta":"","stick-header-meta":"","header-above-stick-meta":"","header-main-stick-meta":"","header-below-stick-meta":"","footnotes":""},"class_list":["post-7","page","type-page","status-publish","hentry"],"_links":{"self":[{"href":"https:\/\/platus.pt\/index.php\/wp-json\/wp\/v2\/pages\/7","targetHints":{"allow":["GET"]}}],"collection":[{"href":"https:\/\/platus.pt\/index.php\/wp-json\/wp\/v2\/pages"}],"about":[{"href":"https:\/\/platus.pt\/index.php\/wp-json\/wp\/v2\/types\/page"}],"author":[{"embeddable":true,"href":"https:\/\/platus.pt\/index.php\/wp-json\/wp\/v2\/users\/1"}],"replies":[{"embeddable":true,"href":"https:\/\/platus.pt\/index.php\/wp-json\/wp\/v2\/comments?post=7"}],"version-history":[{"count":52,"href":"https:\/\/platus.pt\/index.php\/wp-json\/wp\/v2\/pages\/7\/revisions"}],"predecessor-version":[{"id":1761,"href":"https:\/\/platus.pt\/index.php\/wp-json\/wp\/v2\/pages\/7\/revisions\/1761"}],"wp:attachment":[{"href":"https:\/\/platus.pt\/index.php\/wp-json\/wp\/v2\/media?parent=7"}],"curies":[{"name":"wp","href":"https:\/\/api.w.org\/{rel}","templated":true}]}}